{"id":74,"date":"2012-03-17T13:42:24","date_gmt":"2012-03-17T13:42:24","guid":{"rendered":"http:\/\/www.joerg-hamann.de\/cms\/?page_id=74"},"modified":"2012-06-13T11:16:35","modified_gmt":"2012-06-13T11:16:35","slug":"mein-bezirk-hamburg-mitte","status":"publish","type":"page","link":"https:\/\/www.joerg-hamann.de\/cms\/mein-bezirk-hamburg-mitte\/","title":{"rendered":"Der Bezirk &#8222;Hamburg-Mitte&#8220;"},"content":{"rendered":"<p class=\"MsoNormal\"><span style=\"font-size: 11.0pt; font-family: Arial;\"><a href=\"http:\/\/www.joerg-hamann.de\/cms\/wp-content\/uploads\/2012\/03\/Bezirk_Mitte.jpg\"><img loading=\"lazy\" class=\"alignleft size-full wp-image-91\" title=\"Bezirk Mitte\" src=\"http:\/\/www.joerg-hamann.de\/cms\/wp-content\/uploads\/2012\/03\/Bezirk_Mitte.jpg\" alt=\"\" width=\"135\" height=\"128\" \/><\/a><\/span><\/p>\n<p class=\"MsoNormal\"><span style=\"font-size: 11.0pt; font-family: Arial;\">Ich wohne und arbeite selbst im Bezirk Hamburg-Mitte.<br \/>\nMit seinem komplexen Bev\u00f6lkerungs-Mix, seiner Infrastruktur und seinen vielen Gr\u00fcnfl\u00e4chen vereint Mitte wie kein anderer Bezirk innerst\u00e4dtisches Leben mit gr\u00fcnen Erholungsr\u00e4umen. Sowohl Hamburger, als auch Menschen aus dem Umland und nat\u00fcrlich Millionen von Touristen wissen, was sie an Mitte haben: <\/span><\/p>\n<p class=\"MsoNormal\"><strong><span style=\"font-size: 11.0pt; font-family: Arial;\">Einen lebendigen Ort zum Wohnen, Arbeiten, \u201ewas erleben\u201c und Erholen.<\/span><\/strong><\/p>\n","protected":false},"excerpt":{"rendered":"<p>Ich wohne und arbeite selbst im Bezirk Hamburg-Mitte. Mit seinem komplexen Bev\u00f6lkerungs-Mix, seiner Infrastruktur und seinen vielen Gr\u00fcnfl\u00e4chen vereint Mitte wie kein anderer Bezirk innerst\u00e4dtisches Leben mit gr\u00fcnen Erholungsr\u00e4umen. Sowohl Hamburger, als auch Menschen aus dem Umland und nat\u00fcrlich Millionen von Touristen wissen, was sie an Mitte haben: Einen lebendigen Ort zum Wohnen, Arbeiten, \u201ewas [&hellip;]<\/p>\n","protected":false},"author":2,"featured_media":0,"parent":0,"menu_order":0,"comment_status":"closed","ping_status":"closed","template":"","meta":[],"_links":{"self":[{"href":"https:\/\/www.joerg-hamann.de\/cms\/wp-json\/wp\/v2\/pages\/74"}],"collection":[{"href":"https:\/\/www.joerg-hamann.de\/cms\/wp-json\/wp\/v2\/pages"}],"about":[{"href":"https:\/\/www.joerg-hamann.de\/cms\/wp-json\/wp\/v2\/types\/page"}],"author":[{"embeddable":true,"href":"https:\/\/www.joerg-hamann.de\/cms\/wp-json\/wp\/v2\/users\/2"}],"replies":[{"embeddable":true,"href":"https:\/\/www.joerg-hamann.de\/cms\/wp-json\/wp\/v2\/comments?post=74"}],"version-history":[{"count":11,"href":"https:\/\/www.joerg-hamann.de\/cms\/wp-json\/wp\/v2\/pages\/74\/revisions"}],"predecessor-version":[{"id":137,"href":"https:\/\/www.joerg-hamann.de\/cms\/wp-json\/wp\/v2\/pages\/74\/revisions\/137"}],"wp:attachment":[{"href":"https:\/\/www.joerg-hamann.de\/cms\/wp-json\/wp\/v2\/media?parent=74"}],"curies":[{"name":"wp","href":"https:\/\/api.w.org\/{rel}","templated":true}]}}